ctors of 58211046.
2, 3, 113, 28619
What are the prime factors of 6342274810?
2, 5, 31, 20458951
What are the prime factors of 22047289?
11, 182209
What are the prime factors of 1100691099?
3, 139, 32587
What are the prime factors of 31845366?
2, 3, 7, 84247
What are the prime factors of 5380891?
17, 43, 433
List the prime factors of 71596429.
73, 980773
What are the prime factors of 1064142694?
2, 532071347
List the prime factors of 222570470.
2, 5, 2939, 7573
What are the prime factors of 1536445341?
3, 43, 441127
List the prime factors of 1748526233.
53, 32991061
List the prime factors of 1117586498.
2, 7, 19, 113, 37181
List the prime factors of 953539356.
2, 3, 7, 11, 59, 17491
List the prime factors of 661712721.
3, 220570907
List the prime factors of 410745459.
3, 317, 521, 829
What are the prime factors of 32275406?
2, 16137703
What are the prime factors of 5841809302?
2, 7, 8515757
What are the prime factors of 28299856?
2, 13, 136057
List the prime factors of 80044627.
13, 61, 193, 523
List the prime factors of 2755881543.
3, 17, 19, 41, 71, 977
List the prime factors of 393926165.
5, 67, 1175899
List the prime factors of 160814251.
13, 29, 426563
What are the prime factors of 279934512?
2, 3, 11, 13, 17, 2399
What are the prime factors of 9544337?
11, 47, 18461
What are the prime factors of 32727194?
2, 263, 62219
List the prime factors of 9116832.
2, 3, 23, 4129
What are the prime factors of 34726648?
2, 11, 17, 139, 167
List the prime factors of 52894062.
2, 3, 13, 19, 11897
List the prime factors of 1444137246.
2, 3, 73, 317, 3467
What are the prime factors of 1283193947?
7, 183313421
What are the prime factors of 1517871192?
2, 3, 1031, 61343
List the prime factors of 383588723.
7, 643, 85223
List the prime factors of 147529595.
5, 83, 433, 821
What are the prime factors of 965061207?
3, 11, 239, 40787
What are the prime factors of 29393243?
11, 2672113
What are the prime factors of 2132524988?
2, 11, 48466477
What are the prime factors of 5770414713?
3, 7, 43, 883, 7237
What are the prime factors of 758120614?
2, 2671, 141917
What are the prime factors of 25690362?
2, 3, 683, 6269
What are the prime factors of 82071994?
2, 37, 79, 101, 139
What are the prime factors of 415958078?
2, 29, 7171691
What are the prime factors of 564108418?
2, 282054209
What are the prime factors of 1390242423?
3, 463414141
What are the prime factors of 9764738?
2, 4882369
List the prime factors of 201220362.
2, 3, 7, 25349
List the prime factors of 22419676.
2, 1723, 3253
What are the prime factors of 2331661435?
5, 17, 31, 884881
What are the prime factors of 455979269?
455979269
What are the prime factors of 129129781?
11, 11739071
List the prime factors of 787036281.
3, 2081, 126067
List the prime factors of 6929204911.
21377, 324143
List the prime factors of 16304804.
2, 4076201
What are the prime factors of 2485370699?
7, 163, 311177
List the prime factors of 213539123.
7, 30505589
List the prime factors of 33961928.
2, 7, 11, 13, 4241
What are the prime factors of 197365165?
5, 39473033
What are the prime factors of 74726235?
3, 5, 179, 9277
What are the prime factors of 901656446?
2, 619, 728317
List the prime factors of 143486329.
7, 67, 197, 1553
What are the prime factors of 597594328?
2, 74699291
What are the prime factors of 1497016985?
5, 23, 13017539
What are the prime factors of 35335371?
3, 11778457
What are the prime factors of 227541392?
2, 13, 23, 47563
What are the prime factors of 53394145?
5, 7, 37, 41231
What are the prime factors of 38740800?
2, 3, 5, 7, 1153
What are the prime factors of 65213648?
2, 23, 177211
What are the prime factors of 5964892?
2, 17, 87719
List the prime factors of 165978182.
2, 82989091
What are the prime factors of 1312733316?
2, 3, 31, 3528853
List the prime factors of 776851130.
2, 5, 11, 29, 243527
List the prime factors of 120246430.
2, 5, 12024643
List the prime factors of 756224563.
756224563
What are the prime factors of 79892093?
19, 677, 6211
List the prime factors of 794245477.
794245477
What are the prime factors of 439158475?
5, 7, 353, 7109
What are the prime factors of 205850768?
2, 491, 26203
What are the prime factors of 81391664?
2, 23, 221173
List the prime factors of 11620975.
5, 103, 4513
List the prime factors of 215266860.
2, 3, 5, 1195927
List the prime factors of 663260355.
3, 5, 17, 867007
What are the prime factors of 1455314918?
2, 19, 107, 359, 997
List the prime factors of 7949015.
5, 1589803
What are the prime factors of 27911966?
2, 31, 450193
What are the prime factors of 5851344767?
17, 31, 1259, 8819
What are the prime factors of 3425714269?
19, 353, 510767
List the prime factors of 10202160.
2, 3, 5, 42509
List the prime factors of 11027867.
59, 409, 457
What are the prime factors of 3359525505?
3, 5, 7, 652969
List the prime factors of 1238030953.
167, 7413359
What are the prime factors of 8171944?
2, 11, 92863
What are the prime factors of 10412818?
2, 13, 619, 647
List the prime factors of 41217672.
2, 3, 991, 1733
List the prime factors of 49460976.
2, 3, 114493
What are the prime factors of 67312356?
2, 3, 167, 33589
What are the prime factors of 1199737748?
2, 11, 19, 283, 461
List the prime factors of 12047537.
353, 34129
List the prime factors of 119800054.
2, 11, 17, 19, 23, 733
List the prime factors of 1215097396.
2, 2309, 131561
List the prime factors of 254509562.
2, 89, 1429829
List the prime factors of 1278194402.
2, 17, 2211409
List the prime factors of 791317828.
2, 7, 523, 54037
List the prime factors of 54075333.
3, 13, 47, 29501
What are the prime factors of 536976576?
2, 3, 877, 1063
What are the prime factors of 42147928?
2, 19, 149, 1861
What are the prime factors of 24361381?
11, 31, 199, 359
List the prime factors of 39582002.
2, 79, 379, 661
List the prime factors of 34823845.
5, 7, 37, 26891
What are the prime factors of 977460595?
5, 195492119
What are the prime factors of 1628072860?
2, 5, 81403643
What are the prime factors of 295468920?
2, 3, 5, 820747
List the prime factors of 155296535.
5, 31059307
What are the prime factors of 17313583?
7, 1031, 2399
What are the prime factors of 1053009678?
2, 3, 7, 19, 1319561
List the prime factors of 1726379200.
2, 5, 7, 13, 71, 167
List the prime factors of 62600658.
2, 3, 367, 28429
What are the prime factors of 51397594?
2, 23, 1013, 1103
What are the prime factors of 317655980?
2, 5, 15882799
List the prime factors of 5267230978.
2, 37, 491, 144967
List the prime factors of 78892275.
3, 5, 7, 11, 19, 719
What are the prime factors of 32037397?
7, 4576771
List the prime factors of 290661386.
2, 145330693
What are the prime factors of 486176131?
7, 31, 47, 73, 653
What are the prime factors of 122211027?
3, 619, 21937
What are the prime factors of 1076506386?
2, 3, 131, 211, 6491
What are the prime factors of 43663777?
43663777
List the prime factors of 52802999.
53, 373, 2671
What are the prime factors of 2440763493?
3, 7, 116226833
What are the prime factors of 37087485?
3, 5, 487, 5077
What are the prime factors of 1447936796?
2, 71, 5098369
List the prime factors of 777995056.
2, 23, 53, 113, 353
What are the prime factors of 1631961870?
2, 3, 5, 7, 11, 19, 103
List the prime factors of 993045752.
2, 17, 7301807
What are the prime factors of 1319257603?
71, 18581093
List the prime factors of 45569750.
2, 5, 182279
What are the prime factors of 87917138?
2, 43958569
What are the prime factors of 584165695?
5, 116833139
What are the prime factors of 63888659?
19, 449, 7489
List the prime factors of 961613504.
2, 15025211
What are the prime factors of 239674298?
2, 119837149
List the prime factors of 17745793.
13, 487, 2803
List the prime factors of 30411410.
2, 5, 37, 82193
What are the prime factors of 116384159?
17, 67, 102181
What are the prime factors of 41807670?
2, 3, 5, 1393589
List the prime factors of 198964743.
3, 23, 2883547
List the prime factors of 611977560.
2, 3, 5, 17, 23, 13043
List the prime factors of 478515022.
2, 29, 8250259
What are the prime factors of 162617254?
2, 971, 83737
List the prime factors of 232426277.
232426277
What are the prime factors of 526460237?
229, 2298953
What are the prime factors of 1943577950?
2, 5, 1109, 35051
List the prime factors of 277